{"id":3,"date":"2024-11-19T11:54:20","date_gmt":"2024-11-19T10:54:20","guid":{"rendered":"https:\/\/seroka-bus.eu\/?page_id=3"},"modified":"2024-11-19T14:45:13","modified_gmt":"2024-11-19T13:45:13","slug":"polityka-prywatnosci","status":"publish","type":"page","link":"https:\/\/seroka-bus.eu\/?page_id=3","title":{"rendered":"warunki wynajmu"},"content":{"rendered":"\n<h2 class=\"wp-block-heading\"><strong>WARUNKI WYNAJMU AUTOKARU:<\/strong><\/h2>\n\n\n\n<p>1. Przyjmowanie zlece\u0144: wst\u0119pna rezerwacja telefoniczna potwierdzenie pisemne zlecenia przes\u0142anie szczeg\u00f3\u0142owego programu<\/p>\n\n\n\n<p>2. Uzgodnienie warunk\u00f3w najmu na podstawie przes\u0142anego programu: ilo\u015bci kierowc\u00f3w trasy przejazdu czasu jazdy i pracy w przypadku wyjazd\u00f3w powy\u017cej 5 dni, uzgodnienie dni odpoczynku tygodniowego czyli przerw 24 godzinnych cena netto jednostkowa za 1 km p\u0142atnika parking\u00f3w p\u0142atnika op\u0142at drogowych, granicznych, wjazd\u00f3w do miast koszt\u00f3w dojazdu do miejsca odbioru klienta<\/p>\n\n\n\n<p>3. Uzgodnienie pozosta\u0142ych warunk\u00f3w: danych odbiorcy Faktury VAT terminu i formy p\u0142atno\u015bci zaliczek<\/p>\n\n\n\n<p>4. Warunki spe\u0142niane przez Przewo\u017anika Podstawiony autokar spe\u0142nia wszelkie warunki techniczne umo\u017cliwiaj\u0105ce bezpieczny przew\u00f3z pasa\u017cer\u00f3w Przewo\u017anik posiada licencj\u0119 na kraj i zagranic\u0119 Przewo\u017anik ponosi koszty ubezpieczenia autokaru Kierowcy posiadaj\u0105 do\u015bwiadczenie zawodowe oraz zapewniaj\u0105 wysok\u0105 kultur\u0119 osobist\u0105 W przypadku wyst\u0105pienia awarii w\/w autokaru przewo\u017anik zobowi\u0105zuje si\u0119 do podstawienia innego autokaru (w czasie 8 &#8211; 24 godz.), je\u017celi nie b\u0119dzie mo\u017cliwo\u015bci dokonania bie\u017c\u0105cej naprawy. Tym samym przewo\u017anik nie pokrywa w czasie 8-24 godz. \u017badnych dodatkowych koszt\u00f3w wynikaj\u0105cych z awarii autokaru (np. z tytu\u0142u nocleg\u00f3w i innych \u015bwiadcze\u0144). Przewo\u017anik nie ponosi odpowiedzialno\u015bci za utrudnienia spowodowane czynnikami od niego nie zale\u017cnymi (np. warunki atmosferyczne, s\u0142u\u017cby graniczne &#8230;. itp.) Przewo\u017anik nie ponosi odpowiedzialno\u015bci za rzeczy uczestnik\u00f3w pozostawione w autokarze<\/p>\n\n\n\n<p>5. Warunki spe\u0142niane przez Wynajmuj\u0105cego: Wynajmuj\u0105cy zapewnia nocleg dla kierowcy \/-\u00f3w- zapewniaj\u0105cy pe\u0142ny wypoczynek. Osobny pok\u00f3j bez os\u00f3b trzecich. Wynajmuj\u0105cy zapewnia wy\u017cywienie dla jednego \/ dw\u00f3ch kierowc\u00f3w &#8211; zgodnie z programem lub diet\u0119 Wynajmuj\u0105cy zobowi\u0105zuje si\u0119 do u\u0142o\u017cenia programu wyjazdu tak aby zosta\u0142y w nim uwzgl\u0119dnione normy czas pracy kierowc\u00f3w * Pilot jako przedstawiciel Wynajmuj\u0105cego zobowi\u0105zuje si\u0119 do prowadzenia wyjazdu zgodnie z programem oraz normami czas pracy kierowc\u00f3w * Wynajmuj\u0105cy ponosi koszt ubezpieczenia pasa\u017cer\u00f3w poza autokarem<\/p>\n\n\n\n<p>6. Pozosta\u0142e warunki: W autokarze obowi\u0105zuje zakaz palenia tytoniu oraz nadu\u017cywania alkoholu. Baga\u017c przewo\u017cony w lukach baga\u017cowych, zapakowany w torb\u0119, walizk\u0119 itp., nie mo\u017ce przekroczy\u0107 25 kg w odniesieniu do jednego Pasa\u017cera, Baga\u017c podr\u0119czny, przewo\u017cony w autokarze, nie mo\u017ce przekracza 5 kg w odniesieniu do jednego Pasa\u017cera.<\/p>\n\n\n\n<p>OD 11.04.2007 ODPOWIEDZAILNO\u015a\u0106 FINANSOWA (Z TYTU\u0141U KAR NAK\u0141\u0104DANYCH PRZEZ I.T.D.) ORGANIZATOR\u00d3W TURYSTYKI JEST TAKA SAMA (R\u00d3WNOLEG\u0141A) JAK ODPOWIEDZIALNO\u015a\u0106 PRZEWO\u0179NIKA. ZASADY DOCZYCZ\u0104CE NORM JAZDY &#8211; PRZERW I ODPOCZYNK\u00d3W OD 11.04.2007 ROKU W RAMACH ROZPORZ\u0104DZENIA 561\/2006. &#8211; Skr\u00f3cona wersja DZIENNY OKRES PROWADZENIA POJAZDU (CZYSTEJ JAZDY) + CZAS 9 godzin &#8211; czas pracy max. 12 godzin 10 godzin (max. 2 razy w tygodniu) &#8211; czas pracy max. 12 godzin PRZERWY W PROWADZENIU POJAZDU: Przerwa w prowadzeniu pojazdu musi wynosi\u0107 co najmniej 45 minut. PRZERWA MO\u017bE BY\u0106 DZIELONA<\/p>\n\n\n\n<p><strong>U W A G A !!! <\/strong>PRAWID\u0141OWA KOLEJNO\u015a\u0106 WYKORZYSTANIA PRZERWY DZIELONEJ 45- MINUTOWEJ: 15 + 30 = 45 MINUT REGULARNY DZIENNY ODPOCZYNEK wynosi: 12 godzin REGULARNY TYGODNIOWY ODPOCZYNEK Kierowcy przys\u0142uguje w ka\u017cdym tygodniu prawo do odpoczynku tygodniowego w pe\u0142nym wymiarze 45 godzin (tzw. regularny okres odpoczynku). NIE CZ\u0118\u015aCIEJ NI\u017b RAZ NA DWA TYGODNIE MO\u017bE ZOSTA\u0106 SKR\u00d3CONY DO 24 godzin OBSADA DWUSOBOWA: # Okres czasu pracy za\u0142ogi to 30 godzin w tym okres czasu jazdy to 21 godzin \u0142\u0105cznie z przerwami ( 2 KIEROWC\u00d3W:4,5+4,5+4,5+4,5+1+1=20 godz + przerwy) # okres odpoczynku dziennego to 9 godzin.<\/p>\n\n\n\n<p><em>1. Rozporz\u0105dzenie 561\/2006<\/em><br><em>2. Rozporz\u0105dzenie unijne 3820\/85 lub AETR (je\u017celi wykonuje przewozy poza UE)<\/em><br><em>3. Ustawa o czasie pracy kierowc\u00f3w z 2004 roku 4. Kodeks pracy<\/em><\/p>\n\n\n\n<p><\/p>\n","protected":false},"excerpt":{"rendered":"<p>WARUNKI WYNAJMU AUTOKARU: 1. Przyjmowanie zlece\u0144: wst\u0119pna rezerwacja telefoniczna potwierdzenie pisemne zlecenia przes\u0142anie szczeg\u00f3\u0142owego programu 2. Uzgodnienie warunk\u00f3w najmu na podstawie przes\u0142anego programu: ilo\u015bci kierowc\u00f3w trasy przejazdu czasu jazdy i pracy w przypadku wyjazd\u00f3w powy\u017cej 5 dni, uzgodnienie dni odpoczynku tygodniowego czyli przerw 24 godzinnych cena netto jednostkowa za 1 km p\u0142atnika parking\u00f3w p\u0142atnika op\u0142at&#8230;<\/p>\n","protected":false},"author":1,"featured_media":16,"parent":0,"menu_order":0,"comment_status":"closed","ping_status":"open","template":"","meta":{"_kadence_starter_templates_imported_post":false,"_kad_post_transparent":"","_kad_post_title":"","_kad_post_layout":"","_kad_post_sidebar_id":"","_kad_post_content_style":"","_kad_post_vertical_padding":"","_kad_post_feature":"","_kad_post_feature_position":"","_kad_post_header":false,"_kad_post_footer":false,"footnotes":""},"class_list":["post-3","page","type-page","status-publish","has-post-thumbnail","hentry"],"yoast_head":"<!-- This site is optimized with the Yoast SEO plugin v24.1 - https:\/\/yoast.com\/wordpress\/plugins\/seo\/ -->\n<title>warunki wynajmu - Seroka Bus Transport Autokarowy<\/title>\n<meta name=\"description\" content=\"Uzgodnienie warunk\u00f3w najmu na podstawie przes\u0142anego programu wyjazdu, przewozu.\" \/>\n<meta name=\"robots\" content=\"index, follow, max-snippet:-1, max-image-preview:large, max-video-preview:-1\" \/>\n<link rel=\"canonical\" href=\"https:\/\/seroka-bus.eu\/?page_id=3\" \/>\n<meta property=\"og:locale\" content=\"en_US\" \/>\n<meta property=\"og:type\" content=\"article\" \/>\n<meta property=\"og:title\" content=\"warunki wynajmu - Seroka Bus Transport Autokarowy\" \/>\n<meta property=\"og:description\" content=\"Uzgodnienie warunk\u00f3w najmu na podstawie przes\u0142anego programu wyjazdu, przewozu.\" \/>\n<meta property=\"og:url\" content=\"https:\/\/seroka-bus.eu\/?page_id=3\" \/>\n<meta property=\"og:site_name\" content=\"Seroka Bus Transport Autokarowy\" \/>\n<meta property=\"article:modified_time\" content=\"2024-11-19T13:45:13+00:00\" \/>\n<meta property=\"og:image\" content=\"https:\/\/seroka-bus.eu\/wp-content\/uploads\/2024\/11\/DSC01141.jpg\" \/>\n\t<meta property=\"og:image:width\" content=\"800\" \/>\n\t<meta property=\"og:image:height\" content=\"600\" \/>\n\t<meta property=\"og:image:type\" content=\"image\/jpeg\" \/>\n<meta name=\"twitter:card\" content=\"summary_large_image\" \/>\n<meta name=\"twitter:label1\" content=\"Est. reading time\" \/>\n\t<meta name=\"twitter:data1\" content=\"4 minutes\" \/>\n<script type=\"application\/ld+json\" class=\"yoast-schema-graph\">{\"@context\":\"https:\/\/schema.org\",\"@graph\":[{\"@type\":\"WebPage\",\"@id\":\"https:\/\/seroka-bus.eu\/?page_id=3\",\"url\":\"https:\/\/seroka-bus.eu\/?page_id=3\",\"name\":\"warunki wynajmu - Seroka Bus Transport Autokarowy\",\"isPartOf\":{\"@id\":\"https:\/\/seroka-bus.eu\/#website\"},\"primaryImageOfPage\":{\"@id\":\"https:\/\/seroka-bus.eu\/?page_id=3#primaryimage\"},\"image\":{\"@id\":\"https:\/\/seroka-bus.eu\/?page_id=3#primaryimage\"},\"thumbnailUrl\":\"https:\/\/seroka-bus.eu\/wp-content\/uploads\/2024\/11\/DSC01141.jpg\",\"datePublished\":\"2024-11-19T10:54:20+00:00\",\"dateModified\":\"2024-11-19T13:45:13+00:00\",\"description\":\"Uzgodnienie warunk\u00f3w najmu na podstawie przes\u0142anego programu wyjazdu, przewozu.\",\"breadcrumb\":{\"@id\":\"https:\/\/seroka-bus.eu\/?page_id=3#breadcrumb\"},\"inLanguage\":\"en-US\",\"potentialAction\":[{\"@type\":\"ReadAction\",\"target\":[\"https:\/\/seroka-bus.eu\/?page_id=3\"]}]},{\"@type\":\"ImageObject\",\"inLanguage\":\"en-US\",\"@id\":\"https:\/\/seroka-bus.eu\/?page_id=3#primaryimage\",\"url\":\"https:\/\/seroka-bus.eu\/wp-content\/uploads\/2024\/11\/DSC01141.jpg\",\"contentUrl\":\"https:\/\/seroka-bus.eu\/wp-content\/uploads\/2024\/11\/DSC01141.jpg\",\"width\":800,\"height\":600},{\"@type\":\"BreadcrumbList\",\"@id\":\"https:\/\/seroka-bus.eu\/?page_id=3#breadcrumb\",\"itemListElement\":[{\"@type\":\"ListItem\",\"position\":1,\"name\":\"Strona g\u0142\u00f3wna\",\"item\":\"https:\/\/seroka-bus.eu\/\"},{\"@type\":\"ListItem\",\"position\":2,\"name\":\"warunki wynajmu\"}]},{\"@type\":\"WebSite\",\"@id\":\"https:\/\/seroka-bus.eu\/#website\",\"url\":\"https:\/\/seroka-bus.eu\/\",\"name\":\"Seroka Bus Transport Autokarowy\",\"description\":\"\",\"publisher\":{\"@id\":\"https:\/\/seroka-bus.eu\/#organization\"},\"potentialAction\":[{\"@type\":\"SearchAction\",\"target\":{\"@type\":\"EntryPoint\",\"urlTemplate\":\"https:\/\/seroka-bus.eu\/?s={search_term_string}\"},\"query-input\":{\"@type\":\"PropertyValueSpecification\",\"valueRequired\":true,\"valueName\":\"search_term_string\"}}],\"inLanguage\":\"en-US\"},{\"@type\":\"Organization\",\"@id\":\"https:\/\/seroka-bus.eu\/#organization\",\"name\":\"Seroka Bus Transport Autokarowy\",\"url\":\"https:\/\/seroka-bus.eu\/\",\"logo\":{\"@type\":\"ImageObject\",\"inLanguage\":\"en-US\",\"@id\":\"https:\/\/seroka-bus.eu\/#\/schema\/logo\/image\/\",\"url\":\"https:\/\/seroka-bus.eu\/wp-content\/uploads\/2024\/11\/serokaBus-logo.png\",\"contentUrl\":\"https:\/\/seroka-bus.eu\/wp-content\/uploads\/2024\/11\/serokaBus-logo.png\",\"width\":313,\"height\":204,\"caption\":\"Seroka Bus Transport Autokarowy\"},\"image\":{\"@id\":\"https:\/\/seroka-bus.eu\/#\/schema\/logo\/image\/\"}}]}<\/script>\n<!-- \/ Yoast SEO plugin. -->","yoast_head_json":{"title":"warunki wynajmu - Seroka Bus Transport Autokarowy","description":"Uzgodnienie warunk\u00f3w najmu na podstawie przes\u0142anego programu wyjazdu, przewozu.","robots":{"index":"index","follow":"follow","max-snippet":"max-snippet:-1","max-image-preview":"max-image-preview:large","max-video-preview":"max-video-preview:-1"},"canonical":"https:\/\/seroka-bus.eu\/?page_id=3","og_locale":"en_US","og_type":"article","og_title":"warunki wynajmu - Seroka Bus Transport Autokarowy","og_description":"Uzgodnienie warunk\u00f3w najmu na podstawie przes\u0142anego programu wyjazdu, przewozu.","og_url":"https:\/\/seroka-bus.eu\/?page_id=3","og_site_name":"Seroka Bus Transport Autokarowy","article_modified_time":"2024-11-19T13:45:13+00:00","og_image":[{"width":800,"height":600,"url":"https:\/\/seroka-bus.eu\/wp-content\/uploads\/2024\/11\/DSC01141.jpg","type":"image\/jpeg"}],"twitter_card":"summary_large_image","twitter_misc":{"Est. reading time":"4 minutes"},"schema":{"@context":"https:\/\/schema.org","@graph":[{"@type":"WebPage","@id":"https:\/\/seroka-bus.eu\/?page_id=3","url":"https:\/\/seroka-bus.eu\/?page_id=3","name":"warunki wynajmu - Seroka Bus Transport Autokarowy","isPartOf":{"@id":"https:\/\/seroka-bus.eu\/#website"},"primaryImageOfPage":{"@id":"https:\/\/seroka-bus.eu\/?page_id=3#primaryimage"},"image":{"@id":"https:\/\/seroka-bus.eu\/?page_id=3#primaryimage"},"thumbnailUrl":"https:\/\/seroka-bus.eu\/wp-content\/uploads\/2024\/11\/DSC01141.jpg","datePublished":"2024-11-19T10:54:20+00:00","dateModified":"2024-11-19T13:45:13+00:00","description":"Uzgodnienie warunk\u00f3w najmu na podstawie przes\u0142anego programu wyjazdu, przewozu.","breadcrumb":{"@id":"https:\/\/seroka-bus.eu\/?page_id=3#breadcrumb"},"inLanguage":"en-US","potentialAction":[{"@type":"ReadAction","target":["https:\/\/seroka-bus.eu\/?page_id=3"]}]},{"@type":"ImageObject","inLanguage":"en-US","@id":"https:\/\/seroka-bus.eu\/?page_id=3#primaryimage","url":"https:\/\/seroka-bus.eu\/wp-content\/uploads\/2024\/11\/DSC01141.jpg","contentUrl":"https:\/\/seroka-bus.eu\/wp-content\/uploads\/2024\/11\/DSC01141.jpg","width":800,"height":600},{"@type":"BreadcrumbList","@id":"https:\/\/seroka-bus.eu\/?page_id=3#breadcrumb","itemListElement":[{"@type":"ListItem","position":1,"name":"Strona g\u0142\u00f3wna","item":"https:\/\/seroka-bus.eu\/"},{"@type":"ListItem","position":2,"name":"warunki wynajmu"}]},{"@type":"WebSite","@id":"https:\/\/seroka-bus.eu\/#website","url":"https:\/\/seroka-bus.eu\/","name":"Seroka Bus Transport Autokarowy","description":"","publisher":{"@id":"https:\/\/seroka-bus.eu\/#organization"},"potentialAction":[{"@type":"SearchAction","target":{"@type":"EntryPoint","urlTemplate":"https:\/\/seroka-bus.eu\/?s={search_term_string}"},"query-input":{"@type":"PropertyValueSpecification","valueRequired":true,"valueName":"search_term_string"}}],"inLanguage":"en-US"},{"@type":"Organization","@id":"https:\/\/seroka-bus.eu\/#organization","name":"Seroka Bus Transport Autokarowy","url":"https:\/\/seroka-bus.eu\/","logo":{"@type":"ImageObject","inLanguage":"en-US","@id":"https:\/\/seroka-bus.eu\/#\/schema\/logo\/image\/","url":"https:\/\/seroka-bus.eu\/wp-content\/uploads\/2024\/11\/serokaBus-logo.png","contentUrl":"https:\/\/seroka-bus.eu\/wp-content\/uploads\/2024\/11\/serokaBus-logo.png","width":313,"height":204,"caption":"Seroka Bus Transport Autokarowy"},"image":{"@id":"https:\/\/seroka-bus.eu\/#\/schema\/logo\/image\/"}}]}},"_links":{"self":[{"href":"https:\/\/seroka-bus.eu\/index.php?rest_route=\/wp\/v2\/pages\/3","targetHints":{"allow":["GET"]}}],"collection":[{"href":"https:\/\/seroka-bus.eu\/index.php?rest_route=\/wp\/v2\/pages"}],"about":[{"href":"https:\/\/seroka-bus.eu\/index.php?rest_route=\/wp\/v2\/types\/page"}],"author":[{"embeddable":true,"href":"https:\/\/seroka-bus.eu\/index.php?rest_route=\/wp\/v2\/users\/1"}],"replies":[{"embeddable":true,"href":"https:\/\/seroka-bus.eu\/index.php?rest_route=%2Fwp%2Fv2%2Fcomments&post=3"}],"version-history":[{"count":1,"href":"https:\/\/seroka-bus.eu\/index.php?rest_route=\/wp\/v2\/pages\/3\/revisions"}],"predecessor-version":[{"id":105,"href":"https:\/\/seroka-bus.eu\/index.php?rest_route=\/wp\/v2\/pages\/3\/revisions\/105"}],"wp:featuredmedia":[{"embeddable":true,"href":"https:\/\/seroka-bus.eu\/index.php?rest_route=\/wp\/v2\/media\/16"}],"wp:attachment":[{"href":"https:\/\/seroka-bus.eu\/index.php?rest_route=%2Fwp%2Fv2%2Fmedia&parent=3"}],"curies":[{"name":"wp","href":"https:\/\/api.w.org\/{rel}","templated":true}]}}